{"id":10,"date":"2016-09-20T05:09:34","date_gmt":"2016-09-20T05:09:34","guid":{"rendered":"http:\/\/apressthemes.com\/demo3\/?page_id=10"},"modified":"2020-02-10T13:32:42","modified_gmt":"2020-02-10T13:32:42","slug":"about-us","status":"publish","type":"page","link":"https:\/\/aryayapimevi.com\/index.php\/about-us\/","title":{"rendered":"HAKKIMIZDA"},"content":{"rendered":"<p>[vc_row full_width=&#8221;stretch_row_content_no_spaces&#8221; equal_height=&#8221;yes&#8221; content_placement=&#8221;bottom&#8221;][vc_column width=&#8221;1\/2&#8243; css=&#8221;.vc_custom_1474626290406{padding-top: 181px !important;padding-right: 10% !important;padding-bottom: 150px !important;padding-left: 10% !important;background-color: #1c1c1c !important;}&#8221;]<div id=\"ultimate-heading-538669f48a40461f1\" class=\"uvc-heading ult-adjust-bottom-margin ultimate-heading-538669f48a40461f1 uvc-5711 \" data-hspacer=\"image_only\"  data-halign=\"center\" style=\"text-align:center\"><div class=\"uvc-main-heading ult-responsive\"  data-ultimate-target='.uvc-heading.ultimate-heading-538669f48a40461f1 h2'  data-responsive-json-new='{\"font-size\":\"desktop:80px;tablet:80px;tablet_portrait:80px;mobile_landscape:55px;mobile:55px;\",\"line-height\":\"desktop:100px;tablet:100px;tablet_portrait:100px;mobile_landscape:55px;mobile:55px;\"}' ><h2 style=\"font-weight:normal;color:#ffffff;\">Arya Yap\u0131m Evi<\/h2><\/div><div class=\"uvc-heading-spacer image_only\" style=\"margin-top:-8px;margin-bottom:27px;\"><img decoding=\"async\" src=\"https:\/\/aryayapimevi.com\/wp-content\/uploads\/2016\/09\/separater_2.png\" class=\"ultimate-headings-icon-image\" alt=\"null\" style=\"width:69px\"\/><\/div><\/div>[vc_column_text]<strong>Gazeteci Emin \u00dcmit \u00c7etin<\/strong>, 20 y\u0131ll\u0131k meslek hayat\u0131 boyunca bilgiye ve insana ula\u015fmak, olgular\u0131 anlay\u0131p do\u011fru anlatmak konusunda edinmi\u015f oldu\u011fu deneyimi 2015 y\u0131l\u0131nda kurdu\u011fu Arya Yap\u0131m Evi ile yeni bir d\u00fczleme ta\u015f\u0131d\u0131. Bu d\u00fczlemde ba\u015fta ileti\u015fim dan\u0131\u015fmanl\u0131\u011f\u0131 olmak \u00fczere medya prod\u00fcksiyonu ve televizyon programc\u0131l\u0131\u011f\u0131 konusunda ba\u015far\u0131l\u0131 i\u015flere imza att\u0131.<\/p>\n<p>Alan\u0131nda uzman kurumsal ileti\u015fimciler e\u015fli\u011finde, s\u00fcrd\u00fcr\u00fclebilir modeller geli\u015ftirerek bir\u00e7ok kurulu\u015fun kurum i\u00e7i, kamu ve medya ileti\u015fim hedeflerine ula\u015fmas\u0131n\u0131 sa\u011flayan Arya Yap\u0131m Evi, ayn\u0131 zamanda somut etkisi \u00f6l\u00e7\u00fclebilir ve yarat\u0131c\u0131 sosyal sorumluluk projeleri de y\u00fcr\u00fctt\u00fc.<\/p>\n<p>Medya ara\u00e7lar\u0131n\u0131n giderek \u00e7e\u015fitlendi\u011fi, yay\u0131nc\u0131l\u0131k y\u00f6ntemlerinin yepyeni bir anlay\u0131\u015fla tekrar \u015fekillendi\u011fi bir \u00e7a\u011fda, elbette yeni y\u00f6nelimleri de g\u00f6zetmek gerekiyordu. Bu nedenle, sosyal medya y\u00f6netimi, sanal ve art\u0131r\u0131lm\u0131\u015f ger\u00e7eklik projeleri, \u00fc\u00e7 boyutlu animasyon ve hologram teknolojileri de Arya Yap\u0131m Evi\u2019nin ilgi alan\u0131na girdi ve yerini ald\u0131.<\/p>\n<p>Arya Yap\u0131m Evi, g\u00fcn\u00fcn ve gelecek olan\u0131n fark\u0131nda olarak, kaynak ve al\u0131c\u0131lar aras\u0131ndaki bilgi aktar\u0131m\u0131n\u0131, en etkili \u015fekilde ger\u00e7ekle\u015ftirmek i\u00e7in \u00e7al\u0131\u015fmaya devam ediyor.[\/vc_column_text][\/vc_column][vc_column width=&#8221;1\/2&#8243; css=&#8221;.vc_custom_1577517219241{padding-top: 400px !important;padding-right: 10% !important;padding-bottom: 65px !important;padding-left: 10% !important;background-image: url(http:\/\/aryayapimevi.com\/wp-content\/uploads\/2019\/12\/ARYA-02.jpg?id=549) !important;background-position: center !important;background-repeat: no-repeat !important;background-size: cover !important;}&#8221;]<div id=\"ultimate-heading-703269f48a4046233\" class=\"uvc-heading ult-adjust-bottom-margin ultimate-heading-703269f48a4046233 uvc-8632 \" data-hspacer=\"no_spacer\"  data-halign=\"center\" style=\"text-align:center\"><div class=\"uvc-heading-spacer no_spacer\" style=\"top\"><\/div><div class=\"uvc-main-heading ult-responsive\"  data-ultimate-target='.uvc-heading.ultimate-heading-703269f48a4046233 h2'  data-responsive-json-new='{\"font-size\":\"desktop:28px;\",\"line-height\":\"desktop:36px;\"}' ><h2 style=\"font-weight:bold;color:#ffffff;margin-bottom:-25px;\">Emin \u00dcmit \u00c7etin<\/h2><\/div><div class=\"uvc-sub-heading ult-responsive\"  data-ultimate-target='.uvc-heading.ultimate-heading-703269f48a4046233 .uvc-sub-heading '  data-responsive-json-new='{\"font-size\":\"desktop:22px;\",\"line-height\":\"desktop:40px;\"}'  style=\"font-weight:normal;color:#ffffff;margin-bottom:-10px;\"><\/p>\n<p style=\"text-align: center; font-weight: lighter !important;\"><em>\u0130leti\u015fim Dan\u0131\u015fman\u0131, Kurucu<\/em><br \/>\nYermek ve \u00e7at\u0131\u015fmak kolayd\u0131r; anla\u015fmak ve anla\u015f\u0131lmak ise erdemli, sab\u0131rl\u0131 ve g\u00fc\u00e7l\u00fc zihinlere mahsustur.<\/p>\n<p><\/div><\/div>[apress_sociallinks socialicon_design=&#8221;square&#8221; socialicon_facebook=&#8221;https:\/\/www.facebook.com\/aryayapimevi&#8221; socialicon_instagram=&#8221;https:\/\/www.instagram.com\/arya.yapimevi&#8221; socialicon_youtube=&#8221;https:\/\/www.youtube.com\/channel\/UCPshmH65KnUZqsxttEgwAsg&#8221; socialicon_alignment=&#8221;center&#8221;][\/vc_column][\/vc_row]<\/p>\n","protected":false},"excerpt":{"rendered":"<p>[vc_row full_width=&#8221;stretch_row_content_no_spaces&#8221; equal_height=&#8221;yes&#8221; content_placement=&#8221;bottom&#8221;][vc_column width=&#8221;1\/2&#8243; css=&#8221;.vc_custom_1474626290406{padding-top: 181px !important;padding-right: 10% !important;padding-bottom: 150px !important;padding-left: 10% !important;background-color: #1c1c1c !important;}&#8221;][vc_column_text]Gazeteci Emin \u00dcmit \u00c7etin, 20 y\u0131ll\u0131k meslek hayat\u0131 boyunca bilgiye ve insana ula\u015fmak, olgular\u0131 anlay\u0131p do\u011fru anlatmak konusunda edinmi\u015f oldu\u011fu deneyimi 2015 y\u0131l\u0131nda kurdu\u011fu Arya&hellip;<\/p>\n","protected":false},"author":3,"featured_media":0,"parent":0,"menu_order":0,"comment_status":"closed","ping_status":"closed","template":"","meta":{"footnotes":""},"class_list":["post-10","page","type-page","status-publish","hentry"],"jetpack_sharing_enabled":true,"_links":{"self":[{"href":"https:\/\/aryayapimevi.com\/index.php\/wp-json\/wp\/v2\/pages\/10"}],"collection":[{"href":"https:\/\/aryayapimevi.com\/index.php\/wp-json\/wp\/v2\/pages"}],"about":[{"href":"https:\/\/aryayapimevi.com\/index.php\/wp-json\/wp\/v2\/types\/page"}],"author":[{"embeddable":true,"href":"https:\/\/aryayapimevi.com\/index.php\/wp-json\/wp\/v2\/users\/3"}],"replies":[{"embeddable":true,"href":"https:\/\/aryayapimevi.com\/index.php\/wp-json\/wp\/v2\/comments?post=10"}],"version-history":[{"count":17,"href":"https:\/\/aryayapimevi.com\/index.php\/wp-json\/wp\/v2\/pages\/10\/revisions"}],"predecessor-version":[{"id":739,"href":"https:\/\/aryayapimevi.com\/index.php\/wp-json\/wp\/v2\/pages\/10\/revisions\/739"}],"wp:attachment":[{"href":"https:\/\/aryayapimevi.com\/index.php\/wp-json\/wp\/v2\/media?parent=10"}],"curies":[{"name":"wp","href":"https:\/\/api.w.org\/{rel}","templated":true}]}}

<p>[vc_row full_width=&#8221;stretch_row_content_no_spaces&#8221; equal_height=&#8221;yes&#8221; content_placement=&#8221;bottom&#8221;][vc_column width=&#8221;1/2&#8243; css=&#8221;.vc_custom_1474626290406{padding-top: 181px !important;padding-right: 10% !important;padding-bottom: 150px !important;padding-left: 10% !important;background-color: #1c1c1c !important;}&#8221;]<div id="ultimate-heading-538669f48a40461f1" class="uvc-heading ult-adjust-bottom-margin ultimate-heading-538669f48a40461f1 uvc-5711 " data-hspacer="image_only"  data-halign="center" style="text-align:center"><div class="uvc-main-heading ult-responsive"  data-ultimate-target='.uvc-heading.ultimate-heading-538669f48a40461f1 h2'  data-responsive-json-new='{"font-size":"desktop:80px;tablet:80px;tablet_portrait:80px;mobile_landscape:55px;mobile:55px;","line-height":"desktop:100px;tablet:100px;tablet_portrait:100px;mobile_landscape:55px;mobile:55px;"}' ><h2 style="font-weight:normal;color:#ffffff;">Arya Yapım Evi</h2></div><div class="uvc-heading-spacer image_only" style="margin-top:-8px;margin-bottom:27px;"><img decoding="async" src="https://aryayapimevi.com/wp-content/uploads/2016/09/separater_2.png" class="ultimate-headings-icon-image" alt="null" style="width:69px"/></div></div>[vc_column_text]<strong>Gazeteci Emin Ümit Çetin</strong>, 20 yıllık meslek hayatı boyunca bilgiye ve insana ulaşmak, olguları anlayıp doğru anlatmak konusunda edinmiş olduğu deneyimi 2015 yılında kurduğu Arya Yapım Evi ile yeni bir düzleme taşıdı. Bu düzlemde başta iletişim danışmanlığı olmak üzere medya prodüksiyonu ve televizyon programcılığı konusunda başarılı işlere imza attı.</p>
<p>Alanında uzman kurumsal iletişimciler eşliğinde, sürdürülebilir modeller geliştirerek birçok kuruluşun kurum içi, kamu ve medya iletişim hedeflerine ulaşmasını sağlayan Arya Yapım Evi, aynı zamanda somut etkisi ölçülebilir ve yaratıcı sosyal sorumluluk projeleri de yürüttü.</p>
<p>Medya araçlarının giderek çeşitlendiği, yayıncılık yöntemlerinin yepyeni bir anlayışla tekrar şekillendiği bir çağda, elbette yeni yönelimleri de gözetmek gerekiyordu. Bu nedenle, sosyal medya yönetimi, sanal ve artırılmış gerçeklik projeleri, üç boyutlu animasyon ve hologram teknolojileri de Arya Yapım Evi’nin ilgi alanına girdi ve yerini aldı.</p>
<p>Arya Yapım Evi, günün ve gelecek olanın farkında olarak, kaynak ve alıcılar arasındaki bilgi aktarımını, en etkili şekilde gerçekleştirmek için çalışmaya devam ediyor.[/vc_column_text][/vc_column][vc_column width=&#8221;1/2&#8243; css=&#8221;.vc_custom_1577517219241{padding-top: 400px !important;padding-right: 10% !important;padding-bottom: 65px !important;padding-left: 10% !important;background-image: url(http://aryayapimevi.com/wp-content/uploads/2019/12/ARYA-02.jpg?id=549) !important;background-position: center !important;background-repeat: no-repeat !important;background-size: cover !important;}&#8221;]<div id="ultimate-heading-703269f48a4046233" class="uvc-heading ult-adjust-bottom-margin ultimate-heading-703269f48a4046233 uvc-8632 " data-hspacer="no_spacer"  data-halign="center" style="text-align:center"><div class="uvc-heading-spacer no_spacer" style="top"></div><div class="uvc-main-heading ult-responsive"  data-ultimate-target='.uvc-heading.ultimate-heading-703269f48a4046233 h2'  data-responsive-json-new='{"font-size":"desktop:28px;","line-height":"desktop:36px;"}' ><h2 style="font-weight:bold;color:#ffffff;margin-bottom:-25px;">Emin Ümit Çetin</h2></div><div class="uvc-sub-heading ult-responsive"  data-ultimate-target='.uvc-heading.ultimate-heading-703269f48a4046233 .uvc-sub-heading '  data-responsive-json-new='{"font-size":"desktop:22px;","line-height":"desktop:40px;"}'  style="font-weight:normal;color:#ffffff;margin-bottom:-10px;"></p>
<p style="text-align: center; font-weight: lighter !important;"><em>İletişim Danışmanı, Kurucu</em><br />
Yermek ve çatışmak kolaydır; anlaşmak ve anlaşılmak ise erdemli, sabırlı ve güçlü zihinlere mahsustur.</p>
<p></div></div>[apress_sociallinks socialicon_design=&#8221;square&#8221; socialicon_facebook=&#8221;https://www.facebook.com/aryayapimevi&#8221; socialicon_instagram=&#8221;https://www.instagram.com/arya.yapimevi&#8221; socialicon_youtube=&#8221;https://www.youtube.com/channel/UCPshmH65KnUZqsxttEgwAsg&#8221; socialicon_alignment=&#8221;center&#8221;][/vc_column][/vc_row]</p>

<p>[vc_row full_width=&#8221;stretch_row_content_no_spaces&#8221; equal_height=&#8221;yes&#8221; content_placement=&#8221;bottom&#8221;][vc_column width=&#8221;1/2&#8243; css=&#8221;.vc_custom_1474626290406{padding-top: 181px !important;padding-right: 10% !important;padding-bottom: 150px !important;padding-left: 10% !important;background-color: #1c1c1c !important;}&#8221;][vc_column_text]Gazeteci Emin Ümit Çetin, 20 yıllık meslek hayatı boyunca bilgiye ve insana ulaşmak, olguları anlayıp doğru anlatmak konusunda edinmiş olduğu deneyimi 2015 yılında kurduğu Arya&hellip;</p>
