{"id":3,"date":"2019-12-27T17:11:55","date_gmt":"2019-12-27T17:11:55","guid":{"rendered":"http:\/\/aryayapimevi.com\/?page_id=3"},"modified":"2019-12-28T15:03:25","modified_gmt":"2019-12-28T15:03:25","slug":"kullanim-kosullari-ve-gizlilik","status":"publish","type":"page","link":"https:\/\/aryayapimevi.com\/index.php\/kullanim-kosullari-ve-gizlilik\/","title":{"rendered":"Kullan\u0131m Ko\u015fullar\u0131 ve Gizlilik"},"content":{"rendered":"<p><strong>KULLANIM KO\u015eULLARI<\/strong><\/p>\n<p><strong>Risk ve Sorumluluk<\/strong><br \/>\nWebsitemizi kullan\u0131rken sorumluluk tamamen size aittir. Arya Yat\u0131r\u0131m Dan\u0131\u015fmanl\u0131k Prod\u00fcksiyon ve Ticaret Ltd. \u015eti, sitede ar\u0131za, hata ya da bilgisayar\u0131n\u0131z\u0131 etkileyebilecek sorunlar\u0131n olmad\u0131\u011f\u0131n\u0131, edindi\u011finiz bilginin, bilgiyi g\u00f6r\u00fcnt\u00fcledi\u011finiz tarihte tamamen do\u011fru oldu\u011funu garanti etmemektedir.<\/p>\n<p><strong>Fikir Haklar\u0131<\/strong><br \/>\nBu sitedeki t\u00fcm fikir haklar\u0131n\u0131n sahibi Arya Yat\u0131r\u0131m Dan\u0131\u015fmanl\u0131k Prod\u00fcksiyon ve Ticaret Ltd. \u015eti\u2019dir. Arya Yat\u0131r\u0131m Dan\u0131\u015fmanl\u0131k Prod\u00fcksiyon ve Ticaret Ltd. \u015eti\u2019nin izni olmaks\u0131z\u0131n siteden herhangi bir i\u00e7eri\u011fi kopyalayamazs\u0131n\u0131z. Sadece siteyi ara\u015ft\u0131rabilir ve siteden yaz\u0131l\u0131 \u00e7\u0131kt\u0131 alabilirsiniz. Bunu sadece ki\u015fisel kullan\u0131m\u0131n\u0131z ve\/veya hizmetler hakk\u0131nda bilgi edinmek i\u00e7in yapabilirsiniz. Sitedeki herhangi bir bilgiyi \u00e7o\u011faltamaz, yay\u0131nlayamaz veya de\u011fi\u015ftiremezsiniz ve buradan edindi\u011finiz veya bask\u0131 ald\u0131\u011f\u0131n\u0131z bir bilgiyi satamazs\u0131n\u0131z.<\/p>\n<p><strong>Hizmetler ve Fiyatlar<\/strong><br \/>\nArya Yat\u0131r\u0131m Dan\u0131\u015fmanl\u0131k Prod\u00fcksiyon ve Ticaret Ltd. \u015eti, hizmetlerini yenilemek i\u00e7in s\u00fcrekli olarak \u00e7al\u0131\u015fmaktad\u0131r. Bundan dolay\u0131, sitedeki t\u00fcm bilgiler de\u011fi\u015febilir. Siteyi g\u00f6r\u00fcnt\u00fcledi\u011finiz tarihte sitedeki teknik \u00f6zellikler ve hizmet kapsam\u0131 bilgileri g\u00fcncel olmayabilir.<\/p>\n<p><strong>Ki\u015fisel Detaylar\u0131n\u0131z<\/strong><br \/>\nKi\u015fisel bilgilerinizin kullan\u0131m ve saklanmas\u0131 hakk\u0131nda detayl\u0131 bilgiler, gizlilik sayfas\u0131nda belirtilmi\u015ftir.<\/p>\n<p><strong>\u0130leti\u015fim<\/strong><br \/>\nArya Yat\u0131r\u0131m Dan\u0131\u015fmanl\u0131k Prod\u00fcksiyon ve Ticaret Ltd. \u015eti\u2019nin t\u00fcm ileti\u015fim bilgilerine, ileti\u015fim sayfas\u0131ndan ula\u015fabilirsiniz.<\/p>\n<p><strong>D\u0131\u015f Ba\u011flant\u0131lar<\/strong><br \/>\nArya Yat\u0131r\u0131m Dan\u0131\u015fmanl\u0131k Prod\u00fcksiyon ve Ticaret Ltd. \u015eti. sayfalar\u0131nda, ba\u015fkalar\u0131 taraf\u0131ndan kontrol edilen siteden siteye olan ba\u011flant\u0131lar bulunabilir. Arya Yat\u0131r\u0131m Dan\u0131\u015fmanl\u0131k Prod\u00fcksiyon ve Ticaret Ltd. \u015eti, d\u0131\u015f ba\u011flant\u0131lar\u0131n i\u00e7eriklerinden sorumlu tutulamaz. Arya Yat\u0131r\u0131m Dan\u0131\u015fmanl\u0131k Prod\u00fcksiyon ve Ticaret Ltd. \u015eti, sayfalar\u0131n\u0131 gezdi\u011finiz s\u0131rada kendi ba\u011flant\u0131n\u0131z ya da bilgisayar\u0131n\u0131zdaki bir vir\u00fcs sonucunda a\u00e7\u0131lacak herhangi bir sitenin i\u00e7eri\u011finden sorumlu tutulamaz.<\/p>\n<p><strong>Tan\u0131mlamalar<\/strong><br \/>\n\u201cFikir haklar\u0131\u201d telif hakk\u0131, tasar\u0131m ve ticaret hakk\u0131 da dahil olmak \u00fczere her t\u00fcrl\u00fc \u00f6zel hakk\u0131n kanunlar taraf\u0131ndan tan\u0131nd\u0131\u011f\u0131 anlam\u0131na gelmektedir.<\/p>\n<p><strong>G\u0130ZL\u0130L\u0130K<\/strong><\/p>\n<p><strong>Veri Gizlili\u011fi<\/strong><br \/>\nSitemizi kullan\u0131m\u0131n\u0131z esnas\u0131nda verdi\u011finiz ya da \u00e7e\u015fitli ara\u00e7larla edindi\u011fimiz ki\u015fisel verilerinizi sakl\u0131yor, \u00fc\u00e7\u00fcnc\u00fc \u00f6zel ya da t\u00fczel ki\u015filerle kesinlikle payla\u015fm\u0131yoruz. Veri gizlili\u011fi, \u015firketimizin bir politikas\u0131d\u0131r. Sitemizde yer alan d\u0131\u015f ba\u011flant\u0131lara t\u0131klad\u0131\u011f\u0131n\u0131z takdirde ula\u015faca\u011f\u0131n\u0131z kaynaklarda ya\u015fayabilece\u011finiz sorunlarda ise Arya Yat\u0131r\u0131m Dan\u0131\u015fmanl\u0131k Prod\u00fcksiyon ve Ticaret Ltd. \u015eti. olarak bir taahh\u00fcd\u00fcm\u00fcz bulunmamaktad\u0131r.<\/p>\n<p><strong>Ki\u015fisel Verilerin Toplanmas\u0131 ve \u0130\u015flenmesi<\/strong><br \/>\nAnaliz yaz\u0131l\u0131m\u0131, websitemizi ziyaret etti\u011finizde internet servis sa\u011flay\u0131c\u0131n\u0131z\u0131, hangi websitesine geldi\u011finizi, hangi sayfalar\u0131 ziyaret etti\u011finizi, tarih bilgisini ve sayfada gezinme s\u00fcrenizi otomatik olarak kaydeder. Websitemiz tercihlerinizi ve \u00f6nceliklerinizi belirlemek ve bunlara uygun \u00f6neriler sunabilmek i\u00e7in \u00e7erezler (cookies) ve Javascript gibi baz\u0131 aktif bile\u015fenler (active components) kullanabilir. \u0130nternet taray\u0131c\u0131n\u0131z\u0131 \u00e7erezleri al\u0131p almama konusunda yetkilendirebilir ya da k\u0131s\u0131tlayabilirsiniz. \u00c7erezlerin k\u0131s\u0131tlanmas\u0131, siteyi en etkin \u015fekilde kullanamaman\u0131zla sonu\u00e7lanabilir.<\/p>\n<p><strong>Ki\u015fisel Verilerin Kullan\u0131m\u0131 ve A\u00e7\u0131klanmas\u0131<\/strong><br \/>\nKi\u015fisel verileriniz, sadece teknik kay\u0131t ve pazarlama deneyim geli\u015ftirmesi i\u00e7in taraf\u0131m\u0131zca kullan\u0131l\u0131r, \u00fc\u00e7\u00fcnc\u00fc \u00f6zel ya da t\u00fczel ki\u015filerle kesinlikle payla\u015f\u0131lmaz.<\/p>\n<p><strong>Gizlilik<\/strong><br \/>\nKi\u015fisel verilerinizi gizlilik ilkelerimize g\u00f6re her t\u00fcrl\u00fc hile, kay\u0131p, yok olma ve yetkisiz ki\u015filerce kullan\u0131lma ihtimaline kar\u015f\u0131 g\u00fcvende tutuyoruz. Gizlilik y\u00f6ntemlerimiz s\u00fcrekli olarak kontrol edilip geli\u015ftirilen yeni teknolojilerle desteklenmektedir.<\/p>\n<p><strong>Se\u00e7me \u00d6zg\u00fcrl\u00fc\u011f\u00fc<\/strong><br \/>\nSizi \u015firketimiz hakk\u0131ndaki geli\u015fmelerden, yeniliklerden haberdar etmek i\u00e7in ki\u015fisel verilerinizi kullanabiliriz; fakat bu haberleri almak istemezseniz bize bildirmeniz durumunda derhal eposta, sms gibi servislerden eri\u015fimi sonland\u0131r\u0131r\u0131z.<\/p>\n<p><strong>\u0130leti\u015fim<\/strong><br \/>\nKi\u015fisel verilerinizin kullan\u0131lmas\u0131 hakk\u0131nda bilgi, \u00f6neri ve \u015fikayetleriniz i\u00e7in her zaman bize ba\u015fvurabilirsiniz. Yanl\u0131\u015f veya eksik bilgiler, talebiniz do\u011frultusunda derhal d\u00fczeltilecektir.<\/p>\n","protected":false},"excerpt":{"rendered":"<p>KULLANIM KO\u015eULLARI Risk ve Sorumluluk Websitemizi kullan\u0131rken sorumluluk tamamen size aittir. Arya Yat\u0131r\u0131m Dan\u0131\u015fmanl\u0131k Prod\u00fcksiyon ve Ticaret Ltd. \u015eti, sitede ar\u0131za, hata ya da bilgisayar\u0131n\u0131z\u0131 etkileyebilecek sorunlar\u0131n olmad\u0131\u011f\u0131n\u0131, edindi\u011finiz bilginin, bilgiyi g\u00f6r\u00fcnt\u00fcledi\u011finiz tarihte tamamen do\u011fru oldu\u011funu garanti etmemektedir. Fikir Haklar\u0131&hellip;<\/p>\n","protected":false},"author":3,"featured_media":0,"parent":0,"menu_order":0,"comment_status":"closed","ping_status":"closed","template":"","meta":{"footnotes":""},"class_list":["post-3","page","type-page","status-publish","hentry"],"jetpack_sharing_enabled":true,"_links":{"self":[{"href":"https:\/\/aryayapimevi.com\/index.php\/wp-json\/wp\/v2\/pages\/3"}],"collection":[{"href":"https:\/\/aryayapimevi.com\/index.php\/wp-json\/wp\/v2\/pages"}],"about":[{"href":"https:\/\/aryayapimevi.com\/index.php\/wp-json\/wp\/v2\/types\/page"}],"author":[{"embeddable":true,"href":"https:\/\/aryayapimevi.com\/index.php\/wp-json\/wp\/v2\/users\/3"}],"replies":[{"embeddable":true,"href":"https:\/\/aryayapimevi.com\/index.php\/wp-json\/wp\/v2\/comments?post=3"}],"version-history":[{"count":3,"href":"https:\/\/aryayapimevi.com\/index.php\/wp-json\/wp\/v2\/pages\/3\/revisions"}],"predecessor-version":[{"id":645,"href":"https:\/\/aryayapimevi.com\/index.php\/wp-json\/wp\/v2\/pages\/3\/revisions\/645"}],"wp:attachment":[{"href":"https:\/\/aryayapimevi.com\/index.php\/wp-json\/wp\/v2\/media?parent=3"}],"curies":[{"name":"wp","href":"https:\/\/api.w.org\/{rel}","templated":true}]}}