{"id":608,"date":"2019-12-28T13:35:03","date_gmt":"2019-12-28T13:35:03","guid":{"rendered":"http:\/\/aryayapimevi.com\/?page_id=608"},"modified":"2020-01-16T12:30:53","modified_gmt":"2020-01-16T12:30:53","slug":"isler","status":"publish","type":"page","link":"https:\/\/aryayapimevi.com\/index.php\/isler\/","title":{"rendered":"\u0130\u015eLER"},"content":{"rendered":"<p>[vc_row][vc_column css=&#8221;.vc_custom_1475232220540{padding-bottom: 164px !important;}&#8221;]<div id=\"ultimate-heading-754869f47c75043a5\" class=\"uvc-heading ult-adjust-bottom-margin ultimate-heading-754869f47c75043a5 uvc-6701 \" data-hspacer=\"image_only\"  data-halign=\"center\" style=\"text-align:center\"><div class=\"uvc-main-heading ult-responsive\"  data-ultimate-target='.uvc-heading.ultimate-heading-754869f47c75043a5 h2'  data-responsive-json-new='{\"font-size\":\"desktop:80px;tablet:80px;tablet_portrait:80px;mobile_landscape:55px;mobile:55px;\",\"line-height\":\"desktop:100px;tablet:100px;tablet_portrait:100px;mobile_landscape:55px;mobile:55px;\"}' ><h2 style=\"font-weight:normal;color:#1c1c1c;margin-top:103px;\">\u0130\u015flerimizden Baz\u0131lar\u0131<\/h2><\/div><div class=\"uvc-heading-spacer image_only\" style=\"margin-top:-8px;margin-bottom:8px;\"><img decoding=\"async\" src=\"https:\/\/aryayapimevi.com\/wp-content\/uploads\/2016\/09\/separater_2.png\" class=\"ultimate-headings-icon-image\" alt=\"null\" style=\"width:69px\"\/><\/div><\/div>[\/vc_column][\/vc_row][vc_row][vc_column width=&#8221;2\/3&#8243;][apress_heading sub_title=&#8221;Arya Yap\u0131m Evi&#8221; content_alignment=&#8221;left&#8221; delimiter_line_height=&#8221;3&#8243; delimiter_line_width=&#8221;80&#8243; style=&#8221;heading_style13&#8243; title_font_options=&#8221;tag:h2&#8243; subtitle_font_options=&#8221;tag:div&#8221;]Sosyal Sorumluluk Projeleri[\/apress_heading][vc_column_text]Tiyatro ve \u00e7ocuk geli\u015fimi konular\u0131na da fazlas\u0131yla \u00f6nem veriyor. T.C. \u0130\u00e7i\u015fleri Bakanl\u0131\u011f\u0131 Afet ve Acil Durum Y\u00f6netimi Ba\u015fkanl\u0131\u011f\u0131 ile y\u00fcr\u00fctt\u00fc\u011f\u00fc \u00c7ocuk Tiyatro Oyunu projesiyle \u00f6nemli bir sosyal sorumluluk projesine imza atm\u0131\u015ft\u0131r. Tiyatro yoluyla \u00e7ocuklar\u0131n s\u0131k\u0131lmadan, e\u011flenerek \u00f6\u011frenmesi hedeflenmi\u015f, \u00f6\u011frenci , \u00f6\u011fretmen ve veliler \u00fczerinde yap\u0131lan anketler sonucunda \u00e7ocuklar \u00fczerinde y\u00fczde 90\u2019a yak\u0131n \u00f6\u011frenme ba\u015far\u0131s\u0131 sa\u011flanm\u0131\u015ft\u0131r.[\/vc_column_text][\/vc_column][vc_column width=&#8221;1\/3&#8243;][apress_lightbox lightbox_type=&#8221;video&#8221; link_style=&#8221;link_icon_preview_image&#8221; image_url=&#8221;614&#8243; button_icon_color=&#8221;#ffffff&#8221; button_icon_hover_color=&#8221;#ffffff&#8221; link=&#8221;https:\/\/www.youtube.com\/watch?v=lqd_CaavGdo&#8221; link_hover_caption=&#8221;AFAD &#8211; Kafadarlar Tiyatro Oyunu&#8221; select_button_style=&#8221;video_icon_style5&#8243; videolink_font_options=&#8221;color:%23ffffff&#8221;][\/vc_column][\/vc_row][vc_row][vc_column width=&#8221;1\/3&#8243;][apress_heading sub_title=&#8221;\u00d6ncelikli Yay\u0131nlar&#8221; delimiter_line_height=&#8221;3&#8243; delimiter_line_width=&#8221;80&#8243; style=&#8221;heading_style13&#8243; title_font_options=&#8221;tag:h2&#8243; subtitle_font_options=&#8221;tag:div&#8221;]Kamu Spotlar\u0131[\/apress_heading][vc_column_text]Arya Yap\u0131m Evi, beraber \u00e7al\u0131\u015ft\u0131\u011f\u0131 \u00e7e\u015fitli kamu kurumlar\u0131n\u0131n eski ad\u0131yla kamu spotu, yeni ad\u0131yla \u00f6ncelikli yay\u0131nlar\u0131na da imza atm\u0131\u015ft\u0131r.[\/vc_column_text][\/vc_column][vc_column width=&#8221;1\/3&#8243;][apress_lightbox lightbox_type=&#8221;video&#8221; link_style=&#8221;link_icon_preview_image&#8221; image_url=&#8221;610&#8243; button_icon_color=&#8221;#ffffff&#8221; button_icon_hover_color=&#8221;#ffffff&#8221; link=&#8221;https:\/\/www.youtube.com\/watch?v=09qAd8LRd7s&#8221; link_hover_caption=&#8221;HGS &#8211; Kamu Spotu&#8221; select_button_style=&#8221;video_icon_style5&#8243; videolink_font_options=&#8221;color:%23ffffff&#8221;][\/vc_column][vc_column width=&#8221;1\/3&#8243;][apress_lightbox lightbox_type=&#8221;video&#8221; link_style=&#8221;link_icon_preview_image&#8221; image_url=&#8221;613&#8243; button_icon_color=&#8221;#ffffff&#8221; button_icon_hover_color=&#8221;#ffffff&#8221; link=&#8221;https:\/\/www.youtube.com\/watch?v=hXmZ6Zl5TEs&#8221; link_hover_caption=&#8221;Yerli \u00dcretim &#8211; Kamu Spotu&#8221; select_button_style=&#8221;video_icon_style5&#8243; videolink_font_options=&#8221;color:%23ffffff&#8221;][\/vc_column][\/vc_row][vc_row][vc_column][apress_heading sub_title=&#8221;15 Temmuz &#8211; O Gece&#8221; delimiter_line_height=&#8221;3&#8243; delimiter_line_width=&#8221;80&#8243; style=&#8221;heading_style13&#8243; title_font_options=&#8221;tag:h2&#8243; subtitle_font_options=&#8221;tag:div&#8221;]Televizyon Programlar\u0131[\/apress_heading][vc_column_text]15 Temmuz kanl\u0131 darbe giri\u015fimi s\u0131ras\u0131nda bas\u0131n mensuplar\u0131n\u0131n daha \u00f6nce hi\u00e7 yay\u0131nlanmam\u0131\u015f g\u00f6r\u00fcnt\u00fclerle sokaklarda ya\u015fad\u0131klar\u0131n\u0131 anlatt\u0131klar\u0131 \u201cO Gece\u201d program\u0131 TRT Haber\u2019de 40 b\u00f6l\u00fcm halinde yay\u0131nland\u0131. Yay\u0131nland\u0131\u011f\u0131 s\u00fcre boyunca t\u00fcm kanallar raitingde ilk 100\u2019e girmeyi ba\u015faran program, T\u00fcrkiye Foto Muhabirleri Derne\u011fi ve T\u00fcrkiye Haber Kameramanlar\u0131 Derne\u011fi\u2019nin katk\u0131lar\u0131yla yay\u0131nland\u0131. <a href=\"http:\/\/www.hurriyet.com.tr\/gundem\/basin-gozuyle-o-gece-trtde-40460255\" target=\"_blank\" rel=\"noopener noreferrer\">(H\u00fcrriyet Haberi)<\/a> <a href=\"https:\/\/www.haberturk.com\/gundem\/haber\/1497687-o-gece-belgeseli-yayina-basladi\" target=\"_blank\" rel=\"noopener noreferrer\">(Habert\u00fcrk Haberi)<\/a>[\/vc_column_text][\/vc_column][\/vc_row][vc_row][vc_column width=&#8221;1\/3&#8243;][apress_lightbox lightbox_type=&#8221;video&#8221; link_style=&#8221;link_icon_preview_image&#8221; image_url=&#8221;726&#8243; button_icon_color=&#8221;#ffffff&#8221; button_icon_hover_color=&#8221;#ffffff&#8221; link=&#8221;https:\/\/www.youtube.com\/watch?v=URKlOw_-SaY&#8221; select_button_style=&#8221;video_icon_style5&#8243; link_hover_caption=&#8221;TRT Haber &#8211; 15 Temmuz O Gece &#8211; 6. B\u00f6l\u00fcm&#8221; videolink_font_options=&#8221;color:%23ffffff&#8221;][\/vc_column][vc_column width=&#8221;1\/3&#8243;][apress_lightbox lightbox_type=&#8221;video&#8221; link_style=&#8221;link_icon_preview_image&#8221; image_url=&#8221;725&#8243; button_icon_color=&#8221;#ffffff&#8221; button_icon_hover_color=&#8221;#ffffff&#8221; link=&#8221;https:\/\/www.youtube.com\/watch?v=GyFe9ApBqFk&#8221; select_button_style=&#8221;video_icon_style5&#8243; link_hover_caption=&#8221;TRT Haber &#8211; 15 Temmuz O Gece &#8211; 17. B\u00f6l\u00fcm&#8221; videolink_font_options=&#8221;color:%23ffffff&#8221;][\/vc_column][vc_column width=&#8221;1\/3&#8243;][apress_lightbox lightbox_type=&#8221;video&#8221; link_style=&#8221;link_icon_preview_image&#8221; image_url=&#8221;724&#8243; button_icon_color=&#8221;#ffffff&#8221; button_icon_hover_color=&#8221;#ffffff&#8221; link=&#8221;https:\/\/www.youtube.com\/watch?v=C5ukxIoUGI0&#8243; select_button_style=&#8221;video_icon_style5&#8243; link_hover_caption=&#8221;TRT Haber &#8211; 15 Temmuz O Gece &#8211; 34. B\u00f6l\u00fcm&#8221; videolink_font_options=&#8221;color:%23ffffff&#8221;][\/vc_column][\/vc_row][vc_row][vc_column][apress_heading sub_title=&#8221;15 Temmuz &#8211; O Gece&#8221; delimiter_line_height=&#8221;3&#8243; delimiter_line_width=&#8221;80&#8243; style=&#8221;heading_style13&#8243; title_font_options=&#8221;tag:h2&#8243; subtitle_font_options=&#8221;tag:div&#8221;]\u00d6zel Yay\u0131nlar[\/apress_heading][vc_column_text]15 Temmuz &#8211; O Gece belgeselinin yakalad\u0131\u011f\u0131 yap\u0131m, yay\u0131n ve izlenme ba\u015far\u0131s\u0131n\u0131n ard\u0131ndan TRT Haber&#8217;in talebi \u00fczerine 3 b\u00f6l\u00fcml\u00fck bir \u00f6zel yay\u0131n serisi de \u00fcretilmi\u015ftir. Bu \u00fc\u00e7 bl\u00fcml\u00fck \u00f6zel seriyi de sizlerle payla\u015fmak isteriz.[\/vc_column_text][\/vc_column][\/vc_row][vc_row][vc_column width=&#8221;1\/3&#8243;][apress_lightbox lightbox_type=&#8221;video&#8221; link_style=&#8221;link_icon_preview_image&#8221; image_url=&#8221;728&#8243; button_icon_color=&#8221;#ffffff&#8221; button_icon_hover_color=&#8221;#ffffff&#8221; link=&#8221;https:\/\/www.youtube.com\/watch?v=1gVeb5gVxnc&#8221; select_button_style=&#8221;video_icon_style5&#8243; link_hover_caption=&#8221;TRT Haber &#8211; 15 Temmuz O Gece &#8211; TBMM \u00d6zel&#8221; videolink_font_options=&#8221;color:%23ffffff&#8221;][\/vc_column][vc_column width=&#8221;1\/3&#8243;][apress_lightbox lightbox_type=&#8221;video&#8221; link_style=&#8221;link_icon_preview_image&#8221; image_url=&#8221;628&#8243; button_icon_color=&#8221;#ffffff&#8221; button_icon_hover_color=&#8221;#ffffff&#8221; link=&#8221;https:\/\/www.youtube.com\/watch?v=79Ca_D0HE-w&#8221; select_button_style=&#8221;video_icon_style5&#8243; link_hover_caption=&#8221;TRT Haber &#8211; 15 Temmuz O Gece &#8211; Genelkurmay \u00d6zel&#8221; videolink_font_options=&#8221;color:%23ffffff&#8221;][\/vc_column][vc_column width=&#8221;1\/3&#8243;][apress_lightbox lightbox_type=&#8221;video&#8221; link_style=&#8221;link_icon_preview_image&#8221; image_url=&#8221;629&#8243; button_icon_color=&#8221;#ffffff&#8221; button_icon_hover_color=&#8221;#ffffff&#8221; link=&#8221;https:\/\/www.youtube.com\/watch?v=OtnR2Lt_9ZA&#8221; select_button_style=&#8221;video_icon_style5&#8243; link_hover_caption=&#8221;TRT Haber &#8211; 15 Temmuz O Gece &#8211; Medya G\u00f6z\u00fcyle \u00d6zel&#8221; videolink_font_options=&#8221;color:%23ffffff&#8221;][\/vc_column][\/vc_row]<\/p>\n","protected":false},"excerpt":{"rendered":"<p>[vc_row][vc_column css=&#8221;.vc_custom_1475232220540{padding-bottom: 164px !important;}&#8221;][\/vc_column][\/vc_row][vc_row][vc_column width=&#8221;2\/3&#8243;][apress_heading sub_title=&#8221;Arya Yap\u0131m Evi&#8221; content_alignment=&#8221;left&#8221; delimiter_line_height=&#8221;3&#8243; delimiter_line_width=&#8221;80&#8243; style=&#8221;heading_style13&#8243; title_font_options=&#8221;tag:h2&#8243; subtitle_font_options=&#8221;tag:div&#8221;]Sosyal Sorumluluk Projeleri[\/apress_heading][vc_column_text]Tiyatro ve \u00e7ocuk geli\u015fimi konular\u0131na da fazlas\u0131yla \u00f6nem veriyor. T.C. \u0130\u00e7i\u015fleri Bakanl\u0131\u011f\u0131 Afet ve Acil Durum Y\u00f6netimi Ba\u015fkanl\u0131\u011f\u0131 ile y\u00fcr\u00fctt\u00fc\u011f\u00fc \u00c7ocuk Tiyatro Oyunu projesiyle \u00f6nemli&hellip;<\/p>\n","protected":false},"author":3,"featured_media":0,"parent":0,"menu_order":0,"comment_status":"closed","ping_status":"closed","template":"","meta":{"footnotes":""},"class_list":["post-608","page","type-page","status-publish","hentry"],"jetpack_sharing_enabled":true,"_links":{"self":[{"href":"https:\/\/aryayapimevi.com\/index.php\/wp-json\/wp\/v2\/pages\/608"}],"collection":[{"href":"https:\/\/aryayapimevi.com\/index.php\/wp-json\/wp\/v2\/pages"}],"about":[{"href":"https:\/\/aryayapimevi.com\/index.php\/wp-json\/wp\/v2\/types\/page"}],"author":[{"embeddable":true,"href":"https:\/\/aryayapimevi.com\/index.php\/wp-json\/wp\/v2\/users\/3"}],"replies":[{"embeddable":true,"href":"https:\/\/aryayapimevi.com\/index.php\/wp-json\/wp\/v2\/comments?post=608"}],"version-history":[{"count":52,"href":"https:\/\/aryayapimevi.com\/index.php\/wp-json\/wp\/v2\/pages\/608\/revisions"}],"predecessor-version":[{"id":736,"href":"https:\/\/aryayapimevi.com\/index.php\/wp-json\/wp\/v2\/pages\/608\/revisions\/736"}],"wp:attachment":[{"href":"https:\/\/aryayapimevi.com\/index.php\/wp-json\/wp\/v2\/media?parent=608"}],"curies":[{"name":"wp","href":"https:\/\/api.w.org\/{rel}","templated":true}]}}

İŞLER

<p>[vc_row][vc_column css=&#8221;.vc_custom_1475232220540{padding-bottom: 164px !important;}&#8221;]<div id="ultimate-heading-754869f47c75043a5" class="uvc-heading ult-adjust-bottom-margin ultimate-heading-754869f47c75043a5 uvc-6701 " data-hspacer="image_only"  data-halign="center" style="text-align:center"><div class="uvc-main-heading ult-responsive"  data-ultimate-target='.uvc-heading.ultimate-heading-754869f47c75043a5 h2'  data-responsive-json-new='{"font-size":"desktop:80px;tablet:80px;tablet_portrait:80px;mobile_landscape:55px;mobile:55px;","line-height":"desktop:100px;tablet:100px;tablet_portrait:100px;mobile_landscape:55px;mobile:55px;"}' ><h2 style="font-weight:normal;color:#1c1c1c;margin-top:103px;">İşlerimizden Bazıları</h2></div><div class="uvc-heading-spacer image_only" style="margin-top:-8px;margin-bottom:8px;"><img decoding="async" src="https://aryayapimevi.com/wp-content/uploads/2016/09/separater_2.png" class="ultimate-headings-icon-image" alt="null" style="width:69px"/></div></div>[/vc_column][/vc_row][vc_row][vc_column width=&#8221;2/3&#8243;][apress_heading sub_title=&#8221;Arya Yapım Evi&#8221; content_alignment=&#8221;left&#8221; delimiter_line_height=&#8221;3&#8243; delimiter_line_width=&#8221;80&#8243; style=&#8221;heading_style13&#8243; title_font_options=&#8221;tag:h2&#8243; subtitle_font_options=&#8221;tag:div&#8221;]Sosyal Sorumluluk Projeleri[/apress_heading][vc_column_text]Tiyatro ve çocuk gelişimi konularına da fazlasıyla önem veriyor. T.C. İçişleri Bakanlığı Afet ve Acil Durum Yönetimi Başkanlığı ile yürüttüğü Çocuk Tiyatro Oyunu projesiyle önemli bir sosyal sorumluluk projesine imza atmıştır. Tiyatro yoluyla çocukların sıkılmadan, eğlenerek öğrenmesi hedeflenmiş, öğrenci , öğretmen ve veliler üzerinde yapılan anketler sonucunda çocuklar üzerinde yüzde 90’a yakın öğrenme başarısı sağlanmıştır.[/vc_column_text][/vc_column][vc_column width=&#8221;1/3&#8243;][apress_lightbox lightbox_type=&#8221;video&#8221; link_style=&#8221;link_icon_preview_image&#8221; image_url=&#8221;614&#8243; button_icon_color=&#8221;#ffffff&#8221; button_icon_hover_color=&#8221;#ffffff&#8221; link=&#8221;https://www.youtube.com/watch?v=lqd_CaavGdo&#8221; link_hover_caption=&#8221;AFAD &#8211; Kafadarlar Tiyatro Oyunu&#8221; select_button_style=&#8221;video_icon_style5&#8243; videolink_font_options=&#8221;color:%23ffffff&#8221;][/vc_column][/vc_row][vc_row][vc_column width=&#8221;1/3&#8243;][apress_heading sub_title=&#8221;Öncelikli Yayınlar&#8221; delimiter_line_height=&#8221;3&#8243; delimiter_line_width=&#8221;80&#8243; style=&#8221;heading_style13&#8243; title_font_options=&#8221;tag:h2&#8243; subtitle_font_options=&#8221;tag:div&#8221;]Kamu Spotları[/apress_heading][vc_column_text]Arya Yapım Evi, beraber çalıştığı çeşitli kamu kurumlarının eski adıyla kamu spotu, yeni adıyla öncelikli yayınlarına da imza atmıştır.[/vc_column_text][/vc_column][vc_column width=&#8221;1/3&#8243;][apress_lightbox lightbox_type=&#8221;video&#8221; link_style=&#8221;link_icon_preview_image&#8221; image_url=&#8221;610&#8243; button_icon_color=&#8221;#ffffff&#8221; button_icon_hover_color=&#8221;#ffffff&#8221; link=&#8221;https://www.youtube.com/watch?v=09qAd8LRd7s&#8221; link_hover_caption=&#8221;HGS &#8211; Kamu Spotu&#8221; select_button_style=&#8221;video_icon_style5&#8243; videolink_font_options=&#8221;color:%23ffffff&#8221;][/vc_column][vc_column width=&#8221;1/3&#8243;][apress_lightbox lightbox_type=&#8221;video&#8221; link_style=&#8221;link_icon_preview_image&#8221; image_url=&#8221;613&#8243; button_icon_color=&#8221;#ffffff&#8221; button_icon_hover_color=&#8221;#ffffff&#8221; link=&#8221;https://www.youtube.com/watch?v=hXmZ6Zl5TEs&#8221; link_hover_caption=&#8221;Yerli Üretim &#8211; Kamu Spotu&#8221; select_button_style=&#8221;video_icon_style5&#8243; videolink_font_options=&#8221;color:%23ffffff&#8221;][/vc_column][/vc_row][vc_row][vc_column][apress_heading sub_title=&#8221;15 Temmuz &#8211; O Gece&#8221; delimiter_line_height=&#8221;3&#8243; delimiter_line_width=&#8221;80&#8243; style=&#8221;heading_style13&#8243; title_font_options=&#8221;tag:h2&#8243; subtitle_font_options=&#8221;tag:div&#8221;]Televizyon Programları[/apress_heading][vc_column_text]15 Temmuz kanlı darbe girişimi sırasında basın mensuplarının daha önce hiç yayınlanmamış görüntülerle sokaklarda yaşadıklarını anlattıkları “O Gece” programı TRT Haber’de 40 bölüm halinde yayınlandı. Yayınlandığı süre boyunca tüm kanallar raitingde ilk 100’e girmeyi başaran program, Türkiye Foto Muhabirleri Derneği ve Türkiye Haber Kameramanları Derneği’nin katkılarıyla yayınlandı. <a href="http://www.hurriyet.com.tr/gundem/basin-gozuyle-o-gece-trtde-40460255" target="_blank" rel="noopener noreferrer">(Hürriyet Haberi)</a> <a href="https://www.haberturk.com/gundem/haber/1497687-o-gece-belgeseli-yayina-basladi" target="_blank" rel="noopener noreferrer">(Habertürk Haberi)</a>[/vc_column_text][/vc_column][/vc_row][vc_row][vc_column width=&#8221;1/3&#8243;][apress_lightbox lightbox_type=&#8221;video&#8221; link_style=&#8221;link_icon_preview_image&#8221; image_url=&#8221;726&#8243; button_icon_color=&#8221;#ffffff&#8221; button_icon_hover_color=&#8221;#ffffff&#8221; link=&#8221;https://www.youtube.com/watch?v=URKlOw_-SaY&#8221; select_button_style=&#8221;video_icon_style5&#8243; link_hover_caption=&#8221;TRT Haber &#8211; 15 Temmuz O Gece &#8211; 6. Bölüm&#8221; videolink_font_options=&#8221;color:%23ffffff&#8221;][/vc_column][vc_column width=&#8221;1/3&#8243;][apress_lightbox lightbox_type=&#8221;video&#8221; link_style=&#8221;link_icon_preview_image&#8221; image_url=&#8221;725&#8243; button_icon_color=&#8221;#ffffff&#8221; button_icon_hover_color=&#8221;#ffffff&#8221; link=&#8221;https://www.youtube.com/watch?v=GyFe9ApBqFk&#8221; select_button_style=&#8221;video_icon_style5&#8243; link_hover_caption=&#8221;TRT Haber &#8211; 15 Temmuz O Gece &#8211; 17. Bölüm&#8221; videolink_font_options=&#8221;color:%23ffffff&#8221;][/vc_column][vc_column width=&#8221;1/3&#8243;][apress_lightbox lightbox_type=&#8221;video&#8221; link_style=&#8221;link_icon_preview_image&#8221; image_url=&#8221;724&#8243; button_icon_color=&#8221;#ffffff&#8221; button_icon_hover_color=&#8221;#ffffff&#8221; link=&#8221;https://www.youtube.com/watch?v=C5ukxIoUGI0&#8243; select_button_style=&#8221;video_icon_style5&#8243; link_hover_caption=&#8221;TRT Haber &#8211; 15 Temmuz O Gece &#8211; 34. Bölüm&#8221; videolink_font_options=&#8221;color:%23ffffff&#8221;][/vc_column][/vc_row][vc_row][vc_column][apress_heading sub_title=&#8221;15 Temmuz &#8211; O Gece&#8221; delimiter_line_height=&#8221;3&#8243; delimiter_line_width=&#8221;80&#8243; style=&#8221;heading_style13&#8243; title_font_options=&#8221;tag:h2&#8243; subtitle_font_options=&#8221;tag:div&#8221;]Özel Yayınlar[/apress_heading][vc_column_text]15 Temmuz &#8211; O Gece belgeselinin yakaladığı yapım, yayın ve izlenme başarısının ardından TRT Haber&#8217;in talebi üzerine 3 bölümlük bir özel yayın serisi de üretilmiştir. Bu üç blümlük özel seriyi de sizlerle paylaşmak isteriz.[/vc_column_text][/vc_column][/vc_row][vc_row][vc_column width=&#8221;1/3&#8243;][apress_lightbox lightbox_type=&#8221;video&#8221; link_style=&#8221;link_icon_preview_image&#8221; image_url=&#8221;728&#8243; button_icon_color=&#8221;#ffffff&#8221; button_icon_hover_color=&#8221;#ffffff&#8221; link=&#8221;https://www.youtube.com/watch?v=1gVeb5gVxnc&#8221; select_button_style=&#8221;video_icon_style5&#8243; link_hover_caption=&#8221;TRT Haber &#8211; 15 Temmuz O Gece &#8211; TBMM Özel&#8221; videolink_font_options=&#8221;color:%23ffffff&#8221;][/vc_column][vc_column width=&#8221;1/3&#8243;][apress_lightbox lightbox_type=&#8221;video&#8221; link_style=&#8221;link_icon_preview_image&#8221; image_url=&#8221;628&#8243; button_icon_color=&#8221;#ffffff&#8221; button_icon_hover_color=&#8221;#ffffff&#8221; link=&#8221;https://www.youtube.com/watch?v=79Ca_D0HE-w&#8221; select_button_style=&#8221;video_icon_style5&#8243; link_hover_caption=&#8221;TRT Haber &#8211; 15 Temmuz O Gece &#8211; Genelkurmay Özel&#8221; videolink_font_options=&#8221;color:%23ffffff&#8221;][/vc_column][vc_column width=&#8221;1/3&#8243;][apress_lightbox lightbox_type=&#8221;video&#8221; link_style=&#8221;link_icon_preview_image&#8221; image_url=&#8221;629&#8243; button_icon_color=&#8221;#ffffff&#8221; button_icon_hover_color=&#8221;#ffffff&#8221; link=&#8221;https://www.youtube.com/watch?v=OtnR2Lt_9ZA&#8221; select_button_style=&#8221;video_icon_style5&#8243; link_hover_caption=&#8221;TRT Haber &#8211; 15 Temmuz O Gece &#8211; Medya Gözüyle Özel&#8221; videolink_font_options=&#8221;color:%23ffffff&#8221;][/vc_column][/vc_row]</p>

<p>[vc_row][vc_column css=&#8221;.vc_custom_1475232220540{padding-bottom: 164px !important;}&#8221;][/vc_column][/vc_row][vc_row][vc_column width=&#8221;2/3&#8243;][apress_heading sub_title=&#8221;Arya Yapım Evi&#8221; content_alignment=&#8221;left&#8221; delimiter_line_height=&#8221;3&#8243; delimiter_line_width=&#8221;80&#8243; style=&#8221;heading_style13&#8243; title_font_options=&#8221;tag:h2&#8243; subtitle_font_options=&#8221;tag:div&#8221;]Sosyal Sorumluluk Projeleri[/apress_heading][vc_column_text]Tiyatro ve çocuk gelişimi konularına da fazlasıyla önem veriyor. T.C. İçişleri Bakanlığı Afet ve Acil Durum Yönetimi Başkanlığı ile yürüttüğü Çocuk Tiyatro Oyunu projesiyle önemli&hellip;</p>
